{"id":71,"date":"2020-03-29T15:40:50","date_gmt":"2020-03-29T13:40:50","guid":{"rendered":"http:\/\/localhost\/wordpress\/wordpress\/?page_id=71"},"modified":"2024-03-11T11:22:12","modified_gmt":"2024-03-11T11:22:12","slug":"ausschus-des-schiklubs-viehhofen","status":"publish","type":"page","link":"https:\/\/sk-viehhofen.at\/?page_id=71","title":{"rendered":"\u00fcber uns"},"content":{"rendered":"\t\t<div data-elementor-type=\"wp-page\" data-elementor-id=\"71\" class=\"elementor elementor-71\">\n\t\t\t\t\t\t<section class=\"elementor-section elementor-top-section elementor-element elementor-element-bf98577 elementor-section-boxed elementor-section-height-default elementor-section-height-default\" data-id=\"bf98577\" data-element_type=\"section\" data-e-type=\"section\" data-settings=\"{&quot;background_background&quot;:&quot;classic&quot;}\">\n\t\t\t\t\t\t<div class=\"elementor-container elementor-column-gap-default\">\n\t\t\t\t\t<div class=\"elementor-column elementor-col-100 elementor-top-column elementor-element elementor-element-12b5e6b\" data-id=\"12b5e6b\" data-element_type=\"column\" data-e-type=\"column\">\n\t\t\t<div class=\"elementor-widget-wrap elementor-element-populated\">\n\t\t\t\t\t\t<div class=\"elementor-element elementor-element-5f06ba3 elementor-widget elementor-widget-text-editor\" data-id=\"5f06ba3\" data-element_type=\"widget\" data-e-type=\"widget\" data-widget_type=\"text-editor.default\">\n\t\t\t\t<div class=\"elementor-widget-container\">\n\t\t\t\t\t\t\t\t\t<h1><strong>Die Ziele des Schiklubs Viehhofen sind:<\/strong><\/h1><p>\u00a0<\/p><ul><li>F\u00f6rderung zum Erlenen des Schifahrens, insbesondere mit dem Jedermanntraining in Kooperation mit dem Sportklub Maishofen<\/li><li>In weiterer Folge: Training und Unterst\u00fctzung f\u00fcr angehende Sportler im alpinen Schisport, dem Erm\u00f6glichen der (erfolgreichen) Teilnahme bei den Kindercup Rennen<\/li><li>Danach weiterf\u00fchrendes Training , Unterst\u00fctzung und Erm\u00f6glichen der (ebenfalls erfolgreichen) Teilnahme bei Bezirkscup und Landescuprennen<\/li><li>Gemeinsame Teilnahme an Veranstaltungen in Verbindung mit der Aus\u00fcbung des Schisports, egal welchen Alters und Leistungsstufe<\/li><\/ul>\t\t\t\t\t\t\t\t<\/div>\n\t\t\t\t<\/div>\n\t\t\t\t\t<\/div>\n\t\t<\/div>\n\t\t\t\t\t<\/div>\n\t\t<\/section>\n\t\t\t\t<section class=\"elementor-section elementor-top-section elementor-element elementor-element-8d949ed elementor-section-boxed elementor-section-height-default elementor-section-height-default\" data-id=\"8d949ed\" data-element_type=\"section\" data-e-type=\"section\" data-settings=\"{&quot;background_background&quot;:&quot;classic&quot;}\">\n\t\t\t\t\t\t<div class=\"elementor-container elementor-column-gap-default\">\n\t\t\t\t\t<div class=\"elementor-column elementor-col-100 elementor-top-column elementor-element elementor-element-a2f66b6\" data-id=\"a2f66b6\" data-element_type=\"column\" data-e-type=\"column\">\n\t\t\t<div class=\"elementor-widget-wrap elementor-element-populated\">\n\t\t\t\t\t\t<div class=\"elementor-element elementor-element-ea3515a elementor-widget elementor-widget-text-editor\" data-id=\"ea3515a\" data-element_type=\"widget\" data-e-type=\"widget\" data-widget_type=\"text-editor.default\">\n\t\t\t\t<div class=\"elementor-widget-container\">\n\t\t\t\t\t\t\t\t\t<h1><strong>Zur Erreichung dieser Ziele Veranstalten wir, unter Anderem, folgende Events:<\/strong><span style=\"color: #373735; font-family: 'Open Sans', sans-serif; font-size: 15px;\">\u00a0<\/span><\/h1><p>\u00a0<\/p><ul><li>Skitraining mehrmals in der Woche im Winter sowie Konditions- bzw. Koordinationstrainings im Sommer, beides in Kooperation mit dem Schiclub Saalbach-Hinterglemm<\/li><li>Jedermanntraining f\u00fcr Kinder jeder Leistungsstufe in Kooperation mit dem Sportklub Maishofen<\/li><li>Veranstaltung der Viehhofer Ortsmeisterschaft<\/li><li>Veranstaltung des Sommerschirennens &#8222;Pfarrer Bichi Trophy&#8220;<\/li><li>Mithilfe bei verschiedenen Veranstaltung, zum Beispiel dem Schulschirennen der Volksschule Viehhofen<\/li><\/ul><p>\u00a0<\/p><ul><li>Au\u00dferdem ist das Zeitnhemungs-Team f\u00fcr ihre professionelle Arbeit bei Veranstaltungen jeglicher Art sehr gefragt, ob bei Alpinen Skirennen, im Skibergsteigen oder bei Mountainbike Rennen\u00a0<\/li><\/ul>\t\t\t\t\t\t\t\t<\/div>\n\t\t\t\t<\/div>\n\t\t\t\t\t<\/div>\n\t\t<\/div>\n\t\t\t\t\t<\/div>\n\t\t<\/section>\n\t\t\t\t<section class=\"elementor-section elementor-top-section elementor-element elementor-element-dd52a98 elementor-section-boxed elementor-section-height-default elementor-section-height-default\" data-id=\"dd52a98\" data-element_type=\"section\" data-e-type=\"section\" data-settings=\"{&quot;background_background&quot;:&quot;classic&quot;}\">\n\t\t\t\t\t\t<div class=\"elementor-container elementor-column-gap-default\">\n\t\t\t\t\t<div class=\"elementor-column elementor-col-100 elementor-top-column elementor-element elementor-element-db3b1cc\" data-id=\"db3b1cc\" data-element_type=\"column\" data-e-type=\"column\">\n\t\t\t<div class=\"elementor-widget-wrap elementor-element-populated\">\n\t\t\t\t\t\t<div class=\"elementor-element elementor-element-cfaac17 elementor-widget elementor-widget-text-editor\" data-id=\"cfaac17\" data-element_type=\"widget\" data-e-type=\"widget\" data-widget_type=\"text-editor.default\">\n\t\t\t\t<div class=\"elementor-widget-container\">\n\t\t\t\t\t\t\t\t\t<h1><strong>Der Verein:<\/strong><\/h1><p>\u00a0<\/p><ul><li>Obmann:\u00a0Bernd Breitfu\u00df<\/li><li>Obmann-Stellvertreter: Marcus Kirisits<\/li><li>Kassier:\u00a0Roland K\u00f6hlbichler<\/li><li>Kassier-Stellvertreterin:\u00a0Andrea Andexer<\/li><li>Schriftf\u00fchrerin:\u00a0Petra Gruber<\/li><li>Schriftf\u00fchrer-Stellvertreterin: Sabrina Oberhauser<\/li><li>Kassapr\u00fcfer: Stefan Machreich<\/li><li>Kassapr\u00fcfer Stellvertreter: Andreas Neumayer<\/li><\/ul>\t\t\t\t\t\t\t\t<\/div>\n\t\t\t\t<\/div>\n\t\t\t\t\t<\/div>\n\t\t<\/div>\n\t\t\t\t\t<\/div>\n\t\t<\/section>\n\t\t\t\t<section class=\"elementor-section elementor-top-section elementor-element elementor-element-193b279 elementor-section-boxed elementor-section-height-default elementor-section-height-default\" data-id=\"193b279\" data-element_type=\"section\" data-e-type=\"section\">\n\t\t\t\t\t\t<div class=\"elementor-container elementor-column-gap-default\">\n\t\t\t\t\t<div class=\"elementor-column elementor-col-100 elementor-top-column elementor-element elementor-element-3c15d15\" data-id=\"3c15d15\" data-element_type=\"column\" data-e-type=\"column\">\n\t\t\t<div class=\"elementor-widget-wrap elementor-element-populated\">\n\t\t\t\t\t\t<div class=\"elementor-element elementor-element-7f83a88 elementor-widget-divider--view-line elementor-widget elementor-widget-divider\" data-id=\"7f83a88\" data-element_type=\"widget\" data-e-type=\"widget\" data-widget_type=\"divider.default\">\n\t\t\t\t<div class=\"elementor-widget-container\">\n\t\t\t\t\t\t\t<div class=\"elementor-divider\">\n\t\t\t<span class=\"elementor-divider-separator\">\n\t\t\t\t\t\t<\/span>\n\t\t<\/div>\n\t\t\t\t\t\t<\/div>\n\t\t\t\t<\/div>\n\t\t\t\t<div class=\"elementor-element elementor-element-eb9a3a7 elementor-widget elementor-widget-spacer\" data-id=\"eb9a3a7\" data-element_type=\"widget\" data-e-type=\"widget\" data-widget_type=\"spacer.default\">\n\t\t\t\t<div class=\"elementor-widget-container\">\n\t\t\t\t\t\t\t<div class=\"elementor-spacer\">\n\t\t\t<div class=\"elementor-spacer-inner\"><\/div>\n\t\t<\/div>\n\t\t\t\t\t\t<\/div>\n\t\t\t\t<\/div>\n\t\t\t\t\t<\/div>\n\t\t<\/div>\n\t\t\t\t\t<\/div>\n\t\t<\/section>\n\t\t\t\t<\/div>\n\t\t","protected":false},"excerpt":{"rendered":"<p>Die Ziele des Schiklubs Viehhofen sind: \u00a0 F\u00f6rderung zum Erlenen des Schifahrens, insbesondere mit dem [&hellip;]<\/p>\n","protected":false},"author":3,"featured_media":710,"parent":0,"menu_order":0,"comment_status":"closed","ping_status":"closed","template":"","meta":{"footnotes":""},"class_list":["post-71","page","type-page","status-publish","has-post-thumbnail","hentry"],"_links":{"self":[{"href":"https:\/\/sk-viehhofen.at\/index.php?rest_route=\/wp\/v2\/pages\/71","targetHints":{"allow":["GET"]}}],"collection":[{"href":"https:\/\/sk-viehhofen.at\/index.php?rest_route=\/wp\/v2\/pages"}],"about":[{"href":"https:\/\/sk-viehhofen.at\/index.php?rest_route=\/wp\/v2\/types\/page"}],"author":[{"embeddable":true,"href":"https:\/\/sk-viehhofen.at\/index.php?rest_route=\/wp\/v2\/users\/3"}],"replies":[{"embeddable":true,"href":"https:\/\/sk-viehhofen.at\/index.php?rest_route=%2Fwp%2Fv2%2Fcomments&post=71"}],"version-history":[{"count":37,"href":"https:\/\/sk-viehhofen.at\/index.php?rest_route=\/wp\/v2\/pages\/71\/revisions"}],"predecessor-version":[{"id":1691,"href":"https:\/\/sk-viehhofen.at\/index.php?rest_route=\/wp\/v2\/pages\/71\/revisions\/1691"}],"wp:featuredmedia":[{"embeddable":true,"href":"https:\/\/sk-viehhofen.at\/index.php?rest_route=\/wp\/v2\/media\/710"}],"wp:attachment":[{"href":"https:\/\/sk-viehhofen.at\/index.php?rest_route=%2Fwp%2Fv2%2Fmedia&parent=71"}],"curies":[{"name":"wp","href":"https:\/\/api.w.org\/{rel}","templated":true}]}}